se 3*a = -2*a - y + 34, -3*a - 5*y = -16. Let w(f) = f**2 + 2*f + 4. What is the remainder when w(3) is divided by a?
5
Let q = -19 - -35. What is the remainder when 47 is divided by q?
15
Let y = 0 - -2. Suppose 3*c = 4*k + 24, 18 - 4 = 5*c + y*k. Let f(i) = 2*i - 4. Calculate the remainder when f(c) is divided by 2.
0
Suppose -4*c + 9 = -35. What is the remainder when c is divided by ((-1)/2)/(1/(-12))?
5
Suppose -4*j + 74 = -90. Calculate the remainder when 162 is divided by j.
39
Suppose -u + 2*u = 5. Suppose 0*o - u*o = 0. Suppose b + o*a - 4 = -a, -2*b + 43 = -5*a. What is the remainder when b is divided by 5?
4
Let p(b) = b**3 - 6*b**2 + 7*b - 7. Let v be ((-2)/(-1))/((-14)/(-35)). Calculate the remainder when 4 is divided by p(v).
1
Let y be (-3)/(-2 + -1)*0. Calculate the remainder when 5 is divided by 2 + y*1/(-2).
1
Suppose -10*b + 919 = -341. What is the remainder when b is divided by 32?
30
Suppose -5*g = c - 8, -10*c = -6*c + 3*g + 19. Suppose -h - 19 - 26 = -3*s, 3*h + 9 = 0. Let l = c + s. What is the remainder when l is divided by 4?
3
Let o = 237 + -152. What is the remainder when o is divided by 43?
42
Let j(y) = 2*y**2 - 2*y + 4. Let x be j(-3). Suppose -5*w + w = -x. Calculate the remainder when 17 is divided by w.
3
Suppose 8 = 3*s - 2*r - 8, 3*s + 3*r - 36 = 0. Let t = s + 56. What is the remainder when t is divided by 22?
20
What is the remainder when 52*(-2)/(-8)*2 is divided by 7?
5
What is the remainder when 8 is divided by 2/10 + 38/10?
0
Let h(c) = c**3 - 5*c**2 + 5*c - 1. Calculate the remainder when 10 is divided by h(4).
1
Let x = -12 + -43. Let c = 111 + x. What is the remainder when c is divided by 19?
18
Let y(l) = l**3 + 6*l**2 + 2*l - 11. What is the remainder when 13 is divided by y(-5)?
1
Suppose -91 = -4*y + d, y - 2*d - 8 - 6 = 0. Calculate the remainder when 70 is divided by y.
22
Suppose 2 = -5*a - 2*m + 20, a - 3*m = -10. Calculate the remainder when 4/14 + 52/14 is divided by a.
0
Calculate the remainder when 35 is divided by (-1 - -3)/((-2)/(-12)).
11
Let s be (-24)/42 + (-3)/7. Let x = s + 4. Suppose -x*m = 11 - 41. Calculate the remainder when 28 is divided by m.
8
Let w = 6 + -1. Let k(v) = v**3 - v**2 - 2*v - 3. Let m(u) = u**2 + 3*u + 3. Let n be m(-3). Calculate the remainder when k(n) is divided by w.
4
Suppose 0 = 8*a - 6*a - 18. Let k(z) be the second derivative of -z**3/6 + 13*z**2/2 - z. Calculate the remainder when k(a) is divided by 2.
0
Let l(y) = y**2 + 21*y + 32. What is the remainder when 319 is divided by l(-21)?
31
Let j = -12 + 20. Calculate the remainder when 14 is divided by j.
6
Let u = 108 - 59. What is the remainder when u is divided by 18?
13
Let s(c) = c**3. Let a be s(-1). Let l be (-2 + a)*128/12. Let p = -18 - l. Calculate the remainder when p is divided by 4.
2
Suppose -7*a - 40 = -11*a. Calculate the remainder when 77 is divided by a.
7
Suppose 6 + 14 = 5*d. Suppose 40 = 4*r + y + 3*y, r = 3*y + 10. What is the remainder when r is divided by d?
2
Suppose 0 = -3*a - 2*r + 200, 2*a - 3*a + 2*r = -80. Calculate the remainder when a is divided by 24.
22
Let p(a) = a + 11. Let t be p(-9). Suppose 2*n = t*w + 8, -2*w + w + 5 = 2*n. Suppose 5 = 2*m - n. Calculate the remainder when 10 is divided by m.
2
Let x(j) = 2*j + 25. Calculate the remainder when x(11) is divided by 6.
5
Suppose 0 = 19*y - 13*y - 24. What is the remainder when 51 is divided by y?
3
Suppose -3*k + 5 = 2*k. What is the remainder when 29 is divided by 2 + k/(1/14)?
13
Let b = -300 + 317. Calculate the remainder when ((-48)/(-10))/((-2)/(-20)) is divided by b.
14
Let a(b) = b**3 + b**2 - 8. Let q(r) = -r**3 - 2*r**2 + r + 7. Let u(l) = -3*a(l) - 4*q(l). What is the remainder when u(-4) is divided by 15?
13
Calculate the remainder when 663/34*(-14)/(-3) is divided by 31.
29
Let q(s) = -3*s + 2. Suppose 6*c - 155 = c. Calculate the remainder when c is divided by q(-3).
9
Suppose -a + 14 = 7*s - 3*s, -2*a + 3*s + 6 = 0. What is the remainder when 15 is divided by a?
3
Suppose -258 = -3*w - 3*w. Calculate the remainder when w is divided by 16.
11
Let n be ((-12)/(-18))/((-2)/(-9)). Suppose 5*s + 21 - 139 = 2*a, n*a = 2*s - 56. Calculate the remainder when 42 is divided by s.
20
Suppose 94 = 3*i + 2*b, 3 = i - 4*b - 5. Suppose 5*s = 8 + 42. Calculate the remainder when i is divided by s.
8
Let p = 1 - -3. Let u = 3 - p. What is the remainder when 2/(-3)*30*u is divided by 7?
6
Let q(v) = v**2 + 4*v + 12. Suppose 3*a = f - 20, 3*a - 4*a + 2*f = 0. What is the remainder when q(a) is divided by 15?
14
Let u(n) = n**3 + 13*n**2 - 5*n - 19. Suppose 2*g + 3*g = -65. Suppose -2*d + 6*d + 4 = 0, 3*z = 2*d + 50. What is the remainder when u(g) is divided by z?
14
Let a(i) = i - 1. Let k be a(6). Suppose -28 = k*t + 47. Calculate the remainder when ((-70)/t)/(4/18) is divided by 11.
10
Let g = 29 + -17. Suppose 60 = 4*m - 80. What is the remainder when m is divided by g?
11
Let h(q) = -2*q + 3. Suppose -2*s - 4*c - c = -16, -3*c = -4*s - 20. What is the remainder when 26 is divided by h(s)?
5
Suppose -5*i + 32 = 2*h, 5*i + 48 = 5*h - 2*h. Calculate the remainder when 63 is divided by h.
15
Let v = 42 + -16. Calculate the remainder when (48/32)/(3/100) is divided by 4*1*v/8.
11
Let v(u) = -u**3 - 5*u**2 - 6*u - 9. What is the remainder when v(-6) is divided by (-33)/(-33)*3/((-3)/(-16))?
15
Suppose -m - 7*m = -48. What is the remainder when 21 is divided by m?
3
What is the remainder when 2*-1 - (12 + -27) is divided by 5?
3
Let z(b) = 12*b**3 - b**2 - b + 1. Suppose -2*q + 67 = -17. Calculate the remainder when q is divided by z(1).
9
Suppose -3*n = -7*n + 60. What is the remainder when 29 is divided by n?
14
Let c(s) = -9*s - 27. What is the remainder when c(-5) is divided by 8?
2
Let c(q) = -9*q**2 - 12*q + 20. Let g(r) = 5*r**2 + 6*r - 10. Let m(v) = -3*c(v) - 5*g(v). What is the remainder when m(-7) is divided by 16?
14
Let n(b) = b**3 - 5*b**2 - b + 12. Calculate the remainder when 32 is divided by n(5).
4
Let w = 18 - 9. What is the remainder when 34 is divided by w?
7
Let m = -13 + 30. What is the remainder when m is divided by 10?
7
Suppose 278 - 83 = 5*r. Suppose -2*z - 12 = -5*z. Let b = r - z. Calculate the remainder when b is divided by 12.
11
Let n = 40 + -27. Suppose -n = 5*r - 93. What is the remainder when r is divided by 9?
7
Suppose 0 = -5*a + 5*j + 290, -3*a + 5*j + 66 = -2*a. Let r = 52 - 33. What is the remainder when a is divided by r?
18
Suppose -3*h + 0*h + 42 = 0. Let m = -4 + h. Let j = 2 - -2. Calculate the remainder when m is divided by j.
2
Let y(c) = -c**3 - 4*c**2 - c - 2. What is the remainder when y(-5) is divided by 15?
13
Suppose -15*a + 21*a - 84 = 0. What is the remainder when a is divided by 7?
0
Suppose -2*g + 9 = 3, -3*y + 3*g + 399 = 0. Let a(b) = -19*b - 1. Calculate the remainder when a(-3) is divided by y/7 + (-24)/56.
18
Suppose 4*h = 7*h - 5*n - 67, -25 = 5*n. Calculate the remainder when 36 is divided by h.
8
Suppose -w + 10 + 5 = 0. Suppose -p - 135 = -3*t + 109, 3*p = -3*t + 264. Let m = t - 40. What is the remainder when m is divided by w?
13
Let f be 7 + (-1)/(3/(-6)). Suppose -2*s + 2*u = -33 + f, 0 = 4*s + 3*u - 13. What is the remainder when 10 is divided by (-2 + s)*4/5?
2
Let n = -4 + 8. Let i = -12 + 25. Calculate the remainder when i is divided by n.
1
Let l = 33 - 26. Calculate the remainder when 12 is divided by l.
5
Suppose -4*f = 3*y - 51, 5*f + 3*y - 63 = -3. What is the remainder when 33 is divided by f?
6
What is the remainder when 218 is divided by ((-21)/12)/((-1)/32)?
50
Suppose 0*k - 4*k = -12. Suppose -k*n - 9 = -60. What is the remainder when 49 is divided by n?
15
Suppose c - 1 = -7. Let s(h) = h**2. Calculate the remainder when s(c) is divided by (38/4)/(7/14).
17
Suppose -5*j = -j - 196. What is the remainder when j is divided by 26?
23
Let k = -66 - -76. What is the remainder when 18 is divided by k?
8
Let j(t) = -t + 6. Let g be j(9). Let n be g/(-6) - 375/(-6). Suppose n = -f + 4*f. Calculate the remainder when f is divided by 12.
9
Suppose -3*o + 168 = o. Suppose -2*x = -5*n + 41, 7*n + 49 = -3*x + 2*n. Calculate the remainder when o is divided by (-1 + 4)/(-1) - x.
12
Suppose -4*u - 48 + 160 = 0. Let x(q) = -q**2 - 8*q - 5. What is the r